{"id":1200,"date":"2021-08-16T18:18:08","date_gmt":"2021-08-16T16:18:08","guid":{"rendered":"https:\/\/atelier-diospyros.fr\/?post_type=product&#038;p=1200"},"modified":"2023-08-22T17:49:09","modified_gmt":"2023-08-22T15:49:09","slug":"boucles-sierra-en-ebene","status":"publish","type":"product","link":"https:\/\/atelier-diospyros.fr\/index.php\/produit\/boucles-sierra-en-ebene\/","title":{"rendered":"Boucles d&rsquo;oreilles Sierra en \u00e9b\u00e8ne"},"content":{"rendered":"[vc_row][vc_column][vc_column_text]Boucles d&rsquo;oreilles Sierra en <a href=\"https:\/\/fr.wikipedia.org\/wiki\/%C3%89b%C3%A8ne\">\u00e9b\u00e8ne<\/a> de macassar faites de placage bois et d&rsquo;un losange en laiton. Attaches plaqu\u00e9es Or sur base laiton.<\/p>\n<p>Moderne et g\u00e9om\u00e9trique, la <em>Collection de boucles d&rsquo;oreilles Sierra<\/em> se d\u00e9cline aussi en <a href=\"https:\/\/atelier-diospyros.fr\/index.php\/etiquette-produit\/collection-sierra\/?customize_changeset_uuid=af74ae66-a1b1-4d5e-9bc7-dc4e6938da05\">plusieurs essence de bois<\/a> (\u00e9b\u00e8ne, sycomore, padouk, z\u00e9brano&#8230;).<\/p>\n<p>Clin d\u2019\u0153il : assortissez par exemple ces boucles d&rsquo;oreilles avec un <a href=\"https:\/\/atelier-diospyros.fr\/index.php\/produit\/colier-ebene\/\">collier<\/a> !<\/p>\n<p>Le bois d\u2019\u00e9b\u00e8ne vous plait ? Sentez-vous libre de d\u00e9couvrir <a href=\"https:\/\/atelier-diospyros.fr\/index.php\/etiquette-produit\/ebene\/\">nos autres cr\u00e9ations<\/a> dans cette essence de bois.[\/vc_column_text][\/vc_column][\/vc_row][vc_row][vc_column][vc_column_text]<span style=\"color: #808080;\"><em>Nos cr\u00e9ations sont issues d\u2019une d\u00e9marche \u00e9co-responsable.<\/em><em> Ainsi, nous n\u2019utilisons que des chutes de bois pour notre mati\u00e8re premi\u00e8re, le bois pr\u00e9cieux.<br \/>\nLa valorisation est au c\u0153ur de notre m\u00e9tier. Parce que nous sommes conscients de la valeur inestimable de ces bois rares, nous n\u2019utilisons que des chutes de bois que nous achetons en France. Nos bois sont simplement nourris et prot\u00e9g\u00e9s \u00e0 l\u2019huile de lin. <\/em><\/span><\/p>\n<p><span style=\"color: #808080;\"><em>\u00c0 la mani\u00e8re des pierres pr\u00e9cieuses, nous fa\u00e7onnons nos cr\u00e9ations \u00e0 la main dans une esth\u00e9tique min\u00e9rale et g\u00e9om\u00e9trique.<\/em><\/span><\/p>\n<p><span style=\"color: #999999;\"><em>En achetant un bijou ou accessoire en bois <a style=\"color: #999999;\" href=\"https:\/\/atelier-diospyros.fr\/index.php\/boutique\/\">Atelier Diospyros<\/a>, vous soutenez l&rsquo;artisanat Made In France, la cr\u00e9ation locale en circuit court ainsi que le savoir-faire de deux artisans Bretons passionn\u00e9s : Merci !<\/em><\/span>[\/vc_column_text][\/vc_column][\/vc_row][vc_row][vc_column][vc_column_text]Ce bijou est fabriqu\u00e9 en petite s\u00e9rie, le veinage du bois peut l\u00e9g\u00e8rement varier de la photo pr\u00e9sent\u00e9e.[\/vc_column_text][\/vc_column][\/vc_row]\n","protected":false},"excerpt":{"rendered":"<p>Attaches plaqu\u00e9es Or. Laiton et placage. <a href=\"https:\/\/atelier-diospyros.fr\/index.php\/etiquette-produit\/collection-sierra\/?customize_changeset_uuid=af74ae66-a1b1-4d5e-9bc7-dc4e6938da05\">Autres essences de bois disponibles.<\/a><\/p>\n<p><span style=\"color: #808080;\"><em>Livraison : nos cr\u00e9ations sont envoy\u00e9es en lettre suivie dans un d\u00e9lai de 3 \u00e0 5 jours \u00e0 r\u00e9ception du paiement.<br \/>\n<\/em><\/span><\/p>\n","protected":false},"featured_media":1191,"template":"","meta":[],"product_cat":[27,24,299],"product_tag":[103,65,64,179,31,180],"class_list":{"0":"post-1200","1":"product","2":"type-product","3":"status-publish","4":"has-post-thumbnail","6":"product_cat-bijoux","7":"product_cat-boucles-doreilles","8":"product_cat-sierra-bois-et-laiton","9":"product_tag-collection-sierra","10":"product_tag-ebene","11":"product_tag-idee-cadeau-femme","12":"product_tag-laiton","13":"product_tag-losange","14":"product_tag-placage","16":"first","17":"instock","18":"shipping-taxable","19":"purchasable","20":"product-type-simple"},"yoast_head":"<!-- This site is optimized with the Yoast SEO plugin v24.2 - https:\/\/yoast.com\/wordpress\/plugins\/seo\/ -->\n<title>Boucles d&#039;oreilles Sierra en \u00e9b\u00e8ne - Bois et laiton Atelier diospyros<\/title>\n<meta name=\"description\" content=\"Boucles d&#039;oreilles Sierra en laiton et placage bois (\u00e9b\u00e8ne). Fabriqu\u00e9es par nos soins dans notre atelier en Bretagne pr\u00e8s de Foug\u00e8res (35).\" \/>\n<meta name=\"robots\" content=\"index, follow, max-snippet:-1, max-image-preview:large, max-video-preview:-1\" \/>\n<link rel=\"canonical\" href=\"https:\/\/atelier-diospyros.fr\/index.php\/produit\/boucles-sierra-en-ebene\/\" \/>\n<meta property=\"og:locale\" content=\"fr_FR\" \/>\n<meta property=\"og:type\" content=\"article\" \/>\n<meta property=\"og:title\" content=\"Boucles d&#039;oreilles Sierra en \u00e9b\u00e8ne - Bois et laiton Atelier diospyros\" \/>\n<meta property=\"og:description\" content=\"Boucles d&#039;oreilles Sierra en laiton et placage bois (\u00e9b\u00e8ne). Fabriqu\u00e9es par nos soins dans notre atelier en Bretagne pr\u00e8s de Foug\u00e8res (35).\" \/>\n<meta property=\"og:url\" content=\"https:\/\/atelier-diospyros.fr\/index.php\/produit\/boucles-sierra-en-ebene\/\" \/>\n<meta property=\"og:site_name\" content=\"Atelier Diospyros &amp; Cl\u00e9mence Quitterel\" \/>\n<meta property=\"article:modified_time\" content=\"2023-08-22T15:49:09+00:00\" \/>\n<meta property=\"og:image\" content=\"https:\/\/atelier-diospyros.fr\/wp-content\/uploads\/2019\/10\/IMG_1141.jpg\" \/>\n\t<meta property=\"og:image:width\" content=\"1481\" \/>\n\t<meta property=\"og:image:height\" content=\"1975\" \/>\n\t<meta property=\"og:image:type\" content=\"image\/jpeg\" \/>\n<meta name=\"twitter:card\" content=\"summary_large_image\" \/>\n<meta name=\"twitter:label1\" content=\"Dur\u00e9e de lecture estim\u00e9e\" \/>\n\t<meta name=\"twitter:data1\" content=\"2 minutes\" \/>\n<script type=\"application\/ld+json\" class=\"yoast-schema-graph\">{\"@context\":\"https:\/\/schema.org\",\"@graph\":[{\"@type\":\"WebPage\",\"@id\":\"https:\/\/atelier-diospyros.fr\/index.php\/produit\/boucles-sierra-en-ebene\/\",\"url\":\"https:\/\/atelier-diospyros.fr\/index.php\/produit\/boucles-sierra-en-ebene\/\",\"name\":\"Boucles d'oreilles Sierra en \u00e9b\u00e8ne - Bois et laiton Atelier diospyros\",\"isPartOf\":{\"@id\":\"https:\/\/atelier-diospyros.fr\/#website\"},\"primaryImageOfPage\":{\"@id\":\"https:\/\/atelier-diospyros.fr\/index.php\/produit\/boucles-sierra-en-ebene\/#primaryimage\"},\"image\":{\"@id\":\"https:\/\/atelier-diospyros.fr\/index.php\/produit\/boucles-sierra-en-ebene\/#primaryimage\"},\"thumbnailUrl\":\"https:\/\/atelier-diospyros.fr\/wp-content\/uploads\/2019\/10\/IMG_1141.jpg\",\"datePublished\":\"2021-08-16T16:18:08+00:00\",\"dateModified\":\"2023-08-22T15:49:09+00:00\",\"description\":\"Boucles d'oreilles Sierra en laiton et placage bois (\u00e9b\u00e8ne). Fabriqu\u00e9es par nos soins dans notre atelier en Bretagne pr\u00e8s de Foug\u00e8res (35).\",\"breadcrumb\":{\"@id\":\"https:\/\/atelier-diospyros.fr\/index.php\/produit\/boucles-sierra-en-ebene\/#breadcrumb\"},\"inLanguage\":\"fr-FR\",\"potentialAction\":[{\"@type\":\"ReadAction\",\"target\":[\"https:\/\/atelier-diospyros.fr\/index.php\/produit\/boucles-sierra-en-ebene\/\"]}]},{\"@type\":\"ImageObject\",\"inLanguage\":\"fr-FR\",\"@id\":\"https:\/\/atelier-diospyros.fr\/index.php\/produit\/boucles-sierra-en-ebene\/#primaryimage\",\"url\":\"https:\/\/atelier-diospyros.fr\/wp-content\/uploads\/2019\/10\/IMG_1141.jpg\",\"contentUrl\":\"https:\/\/atelier-diospyros.fr\/wp-content\/uploads\/2019\/10\/IMG_1141.jpg\",\"width\":1481,\"height\":1975,\"caption\":\"Boucles d'oreilles \u00e9b\u00e8ne\"},{\"@type\":\"BreadcrumbList\",\"@id\":\"https:\/\/atelier-diospyros.fr\/index.php\/produit\/boucles-sierra-en-ebene\/#breadcrumb\",\"itemListElement\":[{\"@type\":\"ListItem\",\"position\":1,\"name\":\"Accueil\",\"item\":\"https:\/\/atelier-diospyros.fr\/\"},{\"@type\":\"ListItem\",\"position\":2,\"name\":\"Boutique\",\"item\":\"https:\/\/atelier-diospyros.fr\/index.php\/boutique\/\"},{\"@type\":\"ListItem\",\"position\":3,\"name\":\"Boucles d&rsquo;oreilles Sierra en \u00e9b\u00e8ne\"}]},{\"@type\":\"WebSite\",\"@id\":\"https:\/\/atelier-diospyros.fr\/#website\",\"url\":\"https:\/\/atelier-diospyros.fr\/\",\"name\":\"Atelier Diospyros &amp; Cl\u00e9mence Quitterel\",\"description\":\"Objets en bois precieux et Cyanotypes : bijoux, d\u00e9coration d&#039;interieur, noeud papillon en bois, planches a decouper\",\"potentialAction\":[{\"@type\":\"SearchAction\",\"target\":{\"@type\":\"EntryPoint\",\"urlTemplate\":\"https:\/\/atelier-diospyros.fr\/?s={search_term_string}\"},\"query-input\":{\"@type\":\"PropertyValueSpecification\",\"valueRequired\":true,\"valueName\":\"search_term_string\"}}],\"inLanguage\":\"fr-FR\"}]}<\/script>\n<!-- \/ Yoast SEO plugin. -->","yoast_head_json":{"title":"Boucles d'oreilles Sierra en \u00e9b\u00e8ne - Bois et laiton Atelier diospyros","description":"Boucles d'oreilles Sierra en laiton et placage bois (\u00e9b\u00e8ne). Fabriqu\u00e9es par nos soins dans notre atelier en Bretagne pr\u00e8s de Foug\u00e8res (35).","robots":{"index":"index","follow":"follow","max-snippet":"max-snippet:-1","max-image-preview":"max-image-preview:large","max-video-preview":"max-video-preview:-1"},"canonical":"https:\/\/atelier-diospyros.fr\/index.php\/produit\/boucles-sierra-en-ebene\/","og_locale":"fr_FR","og_type":"article","og_title":"Boucles d'oreilles Sierra en \u00e9b\u00e8ne - Bois et laiton Atelier diospyros","og_description":"Boucles d'oreilles Sierra en laiton et placage bois (\u00e9b\u00e8ne). Fabriqu\u00e9es par nos soins dans notre atelier en Bretagne pr\u00e8s de Foug\u00e8res (35).","og_url":"https:\/\/atelier-diospyros.fr\/index.php\/produit\/boucles-sierra-en-ebene\/","og_site_name":"Atelier Diospyros &amp; Cl\u00e9mence Quitterel","article_modified_time":"2023-08-22T15:49:09+00:00","og_image":[{"width":1481,"height":1975,"url":"https:\/\/atelier-diospyros.fr\/wp-content\/uploads\/2019\/10\/IMG_1141.jpg","type":"image\/jpeg"}],"twitter_card":"summary_large_image","twitter_misc":{"Dur\u00e9e de lecture estim\u00e9e":"2 minutes"},"schema":{"@context":"https:\/\/schema.org","@graph":[{"@type":"WebPage","@id":"https:\/\/atelier-diospyros.fr\/index.php\/produit\/boucles-sierra-en-ebene\/","url":"https:\/\/atelier-diospyros.fr\/index.php\/produit\/boucles-sierra-en-ebene\/","name":"Boucles d'oreilles Sierra en \u00e9b\u00e8ne - Bois et laiton Atelier diospyros","isPartOf":{"@id":"https:\/\/atelier-diospyros.fr\/#website"},"primaryImageOfPage":{"@id":"https:\/\/atelier-diospyros.fr\/index.php\/produit\/boucles-sierra-en-ebene\/#primaryimage"},"image":{"@id":"https:\/\/atelier-diospyros.fr\/index.php\/produit\/boucles-sierra-en-ebene\/#primaryimage"},"thumbnailUrl":"https:\/\/atelier-diospyros.fr\/wp-content\/uploads\/2019\/10\/IMG_1141.jpg","datePublished":"2021-08-16T16:18:08+00:00","dateModified":"2023-08-22T15:49:09+00:00","description":"Boucles d'oreilles Sierra en laiton et placage bois (\u00e9b\u00e8ne). Fabriqu\u00e9es par nos soins dans notre atelier en Bretagne pr\u00e8s de Foug\u00e8res (35).","breadcrumb":{"@id":"https:\/\/atelier-diospyros.fr\/index.php\/produit\/boucles-sierra-en-ebene\/#breadcrumb"},"inLanguage":"fr-FR","potentialAction":[{"@type":"ReadAction","target":["https:\/\/atelier-diospyros.fr\/index.php\/produit\/boucles-sierra-en-ebene\/"]}]},{"@type":"ImageObject","inLanguage":"fr-FR","@id":"https:\/\/atelier-diospyros.fr\/index.php\/produit\/boucles-sierra-en-ebene\/#primaryimage","url":"https:\/\/atelier-diospyros.fr\/wp-content\/uploads\/2019\/10\/IMG_1141.jpg","contentUrl":"https:\/\/atelier-diospyros.fr\/wp-content\/uploads\/2019\/10\/IMG_1141.jpg","width":1481,"height":1975,"caption":"Boucles d'oreilles \u00e9b\u00e8ne"},{"@type":"BreadcrumbList","@id":"https:\/\/atelier-diospyros.fr\/index.php\/produit\/boucles-sierra-en-ebene\/#breadcrumb","itemListElement":[{"@type":"ListItem","position":1,"name":"Accueil","item":"https:\/\/atelier-diospyros.fr\/"},{"@type":"ListItem","position":2,"name":"Boutique","item":"https:\/\/atelier-diospyros.fr\/index.php\/boutique\/"},{"@type":"ListItem","position":3,"name":"Boucles d&rsquo;oreilles Sierra en \u00e9b\u00e8ne"}]},{"@type":"WebSite","@id":"https:\/\/atelier-diospyros.fr\/#website","url":"https:\/\/atelier-diospyros.fr\/","name":"Atelier Diospyros &amp; Cl\u00e9mence Quitterel","description":"Objets en bois precieux et Cyanotypes : bijoux, d\u00e9coration d&#039;interieur, noeud papillon en bois, planches a decouper","potentialAction":[{"@type":"SearchAction","target":{"@type":"EntryPoint","urlTemplate":"https:\/\/atelier-diospyros.fr\/?s={search_term_string}"},"query-input":{"@type":"PropertyValueSpecification","valueRequired":true,"valueName":"search_term_string"}}],"inLanguage":"fr-FR"}]}},"jetpack_sharing_enabled":true,"_links":{"self":[{"href":"https:\/\/atelier-diospyros.fr\/index.php\/wp-json\/wp\/v2\/product\/1200"}],"collection":[{"href":"https:\/\/atelier-diospyros.fr\/index.php\/wp-json\/wp\/v2\/product"}],"about":[{"href":"https:\/\/atelier-diospyros.fr\/index.php\/wp-json\/wp\/v2\/types\/product"}],"wp:featuredmedia":[{"embeddable":true,"href":"https:\/\/atelier-diospyros.fr\/index.php\/wp-json\/wp\/v2\/media\/1191"}],"wp:attachment":[{"href":"https:\/\/atelier-diospyros.fr\/index.php\/wp-json\/wp\/v2\/media?parent=1200"}],"wp:term":[{"taxonomy":"product_cat","embeddable":true,"href":"https:\/\/atelier-diospyros.fr\/index.php\/wp-json\/wp\/v2\/product_cat?post=1200"},{"taxonomy":"product_tag","embeddable":true,"href":"https:\/\/atelier-diospyros.fr\/index.php\/wp-json\/wp\/v2\/product_tag?post=1200"}],"curies":[{"name":"wp","href":"https:\/\/api.w.org\/{rel}","templated":true}]}}