{"id":10471,"date":"2024-07-30T15:59:18","date_gmt":"2024-07-30T13:59:18","guid":{"rendered":"https:\/\/atelier-diospyros.fr\/?post_type=product&#038;p=10471"},"modified":"2025-09-11T11:19:10","modified_gmt":"2025-09-11T09:19:10","slug":"jeu-de-cartes-defis-de-voyages-aventura-editions","status":"publish","type":"product","link":"https:\/\/atelier-diospyros.fr\/index.php\/produit\/jeu-de-cartes-defis-de-voyages-aventura-editions\/","title":{"rendered":"Jeu de cartes D\u00e9fis de voyage  &#8211; Aventura \u00c9ditions"},"content":{"rendered":"<h3>Un jeu \u00e0 emporter en voyage<\/h3>\n<p>Ce jeu de cartes\u00a0 D\u00e9fis sur le th\u00e8me du voyage est une cr\u00e9ation de la marque Fran\u00e7aise <a href=\"https:\/\/www.instagram.com\/aventuraeditions\/\">Aventura \u00c9ditions.<\/a><\/p>\n<p>Le jeu de carte d\u00e9fis de voyage est la solution id\u00e9ale pour tous les amoureux d\u2019aventure et de d\u00e9fis. Il propose des challenges hors du commun pour vous aider \u00e0 vivre des exp\u00e9riences uniques lors de vos voyages.<br \/>\nSortez de votre zone de confort et explorer de nouveaux horizons en vivant des aventures m\u00e9morables.<\/p>\n<p>&nbsp;<\/p>\n<p>Le jeu de cartes de d\u00e9fis de voyage vous offre l\u2019opportunit\u00e9 de vivre des aventures magiques. Immergez-vous dans la culture des pays visit\u00e9s en d\u00e9couvrant des festivals locaux, des plats traditionnels, en visitant des sites historiques\u2026 Ou relevez des d\u00e9fis plus extr\u00eames en grimpant des volcans et d\u2019autres activit\u00e9s incontournables dans des lieux magnifiques.<\/p>\n<p>Que vous soyez un aventurier aguerri ou un voyageur d\u00e9butant, ce jeu de carte avec 54 challenges voyage est la solution pour vivre des moments hors du temps. Gardez un souvenir de votre voyage en inscrivant la date et le lieu du d\u00e9fi r\u00e9alis\u00e9 !<\/p>\n<p>Ce jeu de carte insolite vous permettra de vivre des moments inoubliables.<br \/>\nVous visiterez les plus beaux endroits de notre plan\u00e8te tout en faisant de nouvelles rencontres, et en d\u00e9couvrant les cultures de chaque pays.<\/p>\n<h3><\/h3>\n<h3>La marque Aventura \u00c9ditions<\/h3>\n<p>Aventura \u00c9dition est une maison d\u2019\u00e9ditions qui con\u00e7oit depuis six ans des cr\u00e9ations originales pour tous les voyageurs. Leur cr\u00e9ations ne cessent d\u2019augmenter pour vous accompagner dans n\u2019importe quelle aventure, pour \u00e9veiller l\u2019amour du voyage, la connaissance et l\u2019exploration. \u00c0 travers leur objets ils partagent avec vous cette envie d\u2019explorer, d\u2019apprendre, de faire de belles rencontres, de s\u2019\u00e9merveiller, de vivre de nouvelles exp\u00e9riences\u2026<\/p>\n<h5 data-aos=\"fade-up\" data-aos-offset=\"0\">La marque <a href=\"https:\/\/atelier-diospyros.fr\/index.php\/etiquette-produit\/aventura-editions\/\">Aventura \u00c9ditions<\/a> fait partie de notre s\u00e9lection \u00ab Les Artisans Voyageurs \u00bb <a href=\"https:\/\/atelier-diospyros.fr\/index.php\/categorie-produit\/les-artisans-voyageurs\/\">Retrouvez ici tous nos coups de C\u0153ur Made in France !<\/a><\/h5>\n<p>&nbsp;<\/p>\n<p>&nbsp;<\/p>\n","protected":false},"excerpt":{"rendered":"<div class=\"woocommerce-product-details__short-description\">\n<p>54 cartes d\u00e9fi inspirants pour d\u00e9couvrir n\u2019importe quelle destination dans le monde de mani\u00e8re ludique\u2026<\/p>\n<p>&nbsp;<\/p>\n<ul>\n<li><strong>\u2713\u00a0<\/strong>Format id\u00e9al pour le transport en voyage<\/li>\n<li><strong>\u2713\u00a0<\/strong>Jeu de 54 cartes de d\u00e9fis<\/li>\n<li><strong>\u2713\u00a0<\/strong>Papier de qualit\u00e9 en 350g pour \u00e9crire la date et lieu du d\u00e9fi<\/li>\n<li><strong>\u2713\u00a0<\/strong>100 % fabriqu\u00e9 en France avec une entreprise adapt\u00e9e<\/li>\n<\/ul>\n<\/div>\n","protected":false},"featured_media":10472,"template":"","meta":[],"product_cat":[385],"product_tag":[481,413,412,410,505,411,409],"class_list":{"0":"post-10471","1":"product","2":"type-product","3":"status-publish","4":"has-post-thumbnail","6":"product_cat-les-artisans-voyageurs","7":"product_tag-aventura-editions","8":"product_tag-carnet-de-voyage","9":"product_tag-cartes","10":"product_tag-defis","11":"product_tag-idee-cadeau-a-moins-de-15-euros","12":"product_tag-jeu","13":"product_tag-voyage","15":"first","16":"instock","17":"shipping-taxable","18":"purchasable","19":"product-type-simple"},"yoast_head":"<!-- This site is optimized with the Yoast SEO plugin v24.2 - https:\/\/yoast.com\/wordpress\/plugins\/seo\/ -->\n<title>Jeu de cartes D\u00e9fis de voyage - Aventura \u00c9ditions<\/title>\n<meta name=\"description\" content=\"Jeu de cartes d\u00e9fis voyage, pour d\u00e9couvrir n\u2019importe quelle destination dans le monde de mani\u00e8re ludique\u2026 et garder un souvenir du d\u00e9fi r\u00e9alis\u00e9 !\" \/>\n<meta name=\"robots\" content=\"index, follow, max-snippet:-1, max-image-preview:large, max-video-preview:-1\" \/>\n<link rel=\"canonical\" href=\"https:\/\/atelier-diospyros.fr\/index.php\/produit\/jeu-de-cartes-defis-de-voyages-aventura-editions\/\" \/>\n<meta property=\"og:locale\" content=\"fr_FR\" \/>\n<meta property=\"og:type\" content=\"article\" \/>\n<meta property=\"og:title\" content=\"Jeu de cartes D\u00e9fis de voyage - Aventura \u00c9ditions\" \/>\n<meta property=\"og:description\" content=\"Jeu de cartes d\u00e9fis voyage, pour d\u00e9couvrir n\u2019importe quelle destination dans le monde de mani\u00e8re ludique\u2026 et garder un souvenir du d\u00e9fi r\u00e9alis\u00e9 !\" \/>\n<meta property=\"og:url\" content=\"https:\/\/atelier-diospyros.fr\/index.php\/produit\/jeu-de-cartes-defis-de-voyages-aventura-editions\/\" \/>\n<meta property=\"og:site_name\" content=\"Atelier Diospyros &amp; Cl\u00e9mence Quitterel\" \/>\n<meta property=\"article:modified_time\" content=\"2025-09-11T09:19:10+00:00\" \/>\n<meta property=\"og:image\" content=\"https:\/\/atelier-diospyros.fr\/wp-content\/uploads\/2024\/07\/mockup_paquetblanc3-1024x768.png\" \/>\n\t<meta property=\"og:image:width\" content=\"1024\" \/>\n\t<meta property=\"og:image:height\" content=\"768\" \/>\n\t<meta property=\"og:image:type\" content=\"image\/png\" \/>\n<meta name=\"twitter:card\" content=\"summary_large_image\" \/>\n<meta name=\"twitter:label1\" content=\"Dur\u00e9e de lecture estim\u00e9e\" \/>\n\t<meta name=\"twitter:data1\" content=\"2 minutes\" \/>\n<script type=\"application\/ld+json\" class=\"yoast-schema-graph\">{\"@context\":\"https:\/\/schema.org\",\"@graph\":[{\"@type\":\"WebPage\",\"@id\":\"https:\/\/atelier-diospyros.fr\/index.php\/produit\/jeu-de-cartes-defis-de-voyages-aventura-editions\/\",\"url\":\"https:\/\/atelier-diospyros.fr\/index.php\/produit\/jeu-de-cartes-defis-de-voyages-aventura-editions\/\",\"name\":\"Jeu de cartes D\u00e9fis de voyage - Aventura \u00c9ditions\",\"isPartOf\":{\"@id\":\"https:\/\/atelier-diospyros.fr\/#website\"},\"primaryImageOfPage\":{\"@id\":\"https:\/\/atelier-diospyros.fr\/index.php\/produit\/jeu-de-cartes-defis-de-voyages-aventura-editions\/#primaryimage\"},\"image\":{\"@id\":\"https:\/\/atelier-diospyros.fr\/index.php\/produit\/jeu-de-cartes-defis-de-voyages-aventura-editions\/#primaryimage\"},\"thumbnailUrl\":\"https:\/\/atelier-diospyros.fr\/wp-content\/uploads\/2024\/07\/mockup_paquetblanc3.png\",\"datePublished\":\"2024-07-30T13:59:18+00:00\",\"dateModified\":\"2025-09-11T09:19:10+00:00\",\"description\":\"Jeu de cartes d\u00e9fis voyage, pour d\u00e9couvrir n\u2019importe quelle destination dans le monde de mani\u00e8re ludique\u2026 et garder un souvenir du d\u00e9fi r\u00e9alis\u00e9 !\",\"breadcrumb\":{\"@id\":\"https:\/\/atelier-diospyros.fr\/index.php\/produit\/jeu-de-cartes-defis-de-voyages-aventura-editions\/#breadcrumb\"},\"inLanguage\":\"fr-FR\",\"potentialAction\":[{\"@type\":\"ReadAction\",\"target\":[\"https:\/\/atelier-diospyros.fr\/index.php\/produit\/jeu-de-cartes-defis-de-voyages-aventura-editions\/\"]}]},{\"@type\":\"ImageObject\",\"inLanguage\":\"fr-FR\",\"@id\":\"https:\/\/atelier-diospyros.fr\/index.php\/produit\/jeu-de-cartes-defis-de-voyages-aventura-editions\/#primaryimage\",\"url\":\"https:\/\/atelier-diospyros.fr\/wp-content\/uploads\/2024\/07\/mockup_paquetblanc3.png\",\"contentUrl\":\"https:\/\/atelier-diospyros.fr\/wp-content\/uploads\/2024\/07\/mockup_paquetblanc3.png\",\"width\":3000,\"height\":2250,\"caption\":\"Jeu de cartes D\u00e9fis de voyages Aventura Editions\"},{\"@type\":\"BreadcrumbList\",\"@id\":\"https:\/\/atelier-diospyros.fr\/index.php\/produit\/jeu-de-cartes-defis-de-voyages-aventura-editions\/#breadcrumb\",\"itemListElement\":[{\"@type\":\"ListItem\",\"position\":1,\"name\":\"Accueil\",\"item\":\"https:\/\/atelier-diospyros.fr\/\"},{\"@type\":\"ListItem\",\"position\":2,\"name\":\"Boutique\",\"item\":\"https:\/\/atelier-diospyros.fr\/index.php\/boutique\/\"},{\"@type\":\"ListItem\",\"position\":3,\"name\":\"Jeu de cartes D\u00e9fis de voyage &#8211; Aventura \u00c9ditions\"}]},{\"@type\":\"WebSite\",\"@id\":\"https:\/\/atelier-diospyros.fr\/#website\",\"url\":\"https:\/\/atelier-diospyros.fr\/\",\"name\":\"Atelier Diospyros &amp; Cl\u00e9mence Quitterel\",\"description\":\"Objets en bois precieux et Cyanotypes : bijoux, d\u00e9coration d&#039;interieur, noeud papillon en bois, planches a decouper\",\"potentialAction\":[{\"@type\":\"SearchAction\",\"target\":{\"@type\":\"EntryPoint\",\"urlTemplate\":\"https:\/\/atelier-diospyros.fr\/?s={search_term_string}\"},\"query-input\":{\"@type\":\"PropertyValueSpecification\",\"valueRequired\":true,\"valueName\":\"search_term_string\"}}],\"inLanguage\":\"fr-FR\"}]}<\/script>\n<!-- \/ Yoast SEO plugin. -->","yoast_head_json":{"title":"Jeu de cartes D\u00e9fis de voyage - Aventura \u00c9ditions","description":"Jeu de cartes d\u00e9fis voyage, pour d\u00e9couvrir n\u2019importe quelle destination dans le monde de mani\u00e8re ludique\u2026 et garder un souvenir du d\u00e9fi r\u00e9alis\u00e9 !","robots":{"index":"index","follow":"follow","max-snippet":"max-snippet:-1","max-image-preview":"max-image-preview:large","max-video-preview":"max-video-preview:-1"},"canonical":"https:\/\/atelier-diospyros.fr\/index.php\/produit\/jeu-de-cartes-defis-de-voyages-aventura-editions\/","og_locale":"fr_FR","og_type":"article","og_title":"Jeu de cartes D\u00e9fis de voyage - Aventura \u00c9ditions","og_description":"Jeu de cartes d\u00e9fis voyage, pour d\u00e9couvrir n\u2019importe quelle destination dans le monde de mani\u00e8re ludique\u2026 et garder un souvenir du d\u00e9fi r\u00e9alis\u00e9 !","og_url":"https:\/\/atelier-diospyros.fr\/index.php\/produit\/jeu-de-cartes-defis-de-voyages-aventura-editions\/","og_site_name":"Atelier Diospyros &amp; Cl\u00e9mence Quitterel","article_modified_time":"2025-09-11T09:19:10+00:00","og_image":[{"width":1024,"height":768,"url":"https:\/\/atelier-diospyros.fr\/wp-content\/uploads\/2024\/07\/mockup_paquetblanc3-1024x768.png","type":"image\/png"}],"twitter_card":"summary_large_image","twitter_misc":{"Dur\u00e9e de lecture estim\u00e9e":"2 minutes"},"schema":{"@context":"https:\/\/schema.org","@graph":[{"@type":"WebPage","@id":"https:\/\/atelier-diospyros.fr\/index.php\/produit\/jeu-de-cartes-defis-de-voyages-aventura-editions\/","url":"https:\/\/atelier-diospyros.fr\/index.php\/produit\/jeu-de-cartes-defis-de-voyages-aventura-editions\/","name":"Jeu de cartes D\u00e9fis de voyage - Aventura \u00c9ditions","isPartOf":{"@id":"https:\/\/atelier-diospyros.fr\/#website"},"primaryImageOfPage":{"@id":"https:\/\/atelier-diospyros.fr\/index.php\/produit\/jeu-de-cartes-defis-de-voyages-aventura-editions\/#primaryimage"},"image":{"@id":"https:\/\/atelier-diospyros.fr\/index.php\/produit\/jeu-de-cartes-defis-de-voyages-aventura-editions\/#primaryimage"},"thumbnailUrl":"https:\/\/atelier-diospyros.fr\/wp-content\/uploads\/2024\/07\/mockup_paquetblanc3.png","datePublished":"2024-07-30T13:59:18+00:00","dateModified":"2025-09-11T09:19:10+00:00","description":"Jeu de cartes d\u00e9fis voyage, pour d\u00e9couvrir n\u2019importe quelle destination dans le monde de mani\u00e8re ludique\u2026 et garder un souvenir du d\u00e9fi r\u00e9alis\u00e9 !","breadcrumb":{"@id":"https:\/\/atelier-diospyros.fr\/index.php\/produit\/jeu-de-cartes-defis-de-voyages-aventura-editions\/#breadcrumb"},"inLanguage":"fr-FR","potentialAction":[{"@type":"ReadAction","target":["https:\/\/atelier-diospyros.fr\/index.php\/produit\/jeu-de-cartes-defis-de-voyages-aventura-editions\/"]}]},{"@type":"ImageObject","inLanguage":"fr-FR","@id":"https:\/\/atelier-diospyros.fr\/index.php\/produit\/jeu-de-cartes-defis-de-voyages-aventura-editions\/#primaryimage","url":"https:\/\/atelier-diospyros.fr\/wp-content\/uploads\/2024\/07\/mockup_paquetblanc3.png","contentUrl":"https:\/\/atelier-diospyros.fr\/wp-content\/uploads\/2024\/07\/mockup_paquetblanc3.png","width":3000,"height":2250,"caption":"Jeu de cartes D\u00e9fis de voyages Aventura Editions"},{"@type":"BreadcrumbList","@id":"https:\/\/atelier-diospyros.fr\/index.php\/produit\/jeu-de-cartes-defis-de-voyages-aventura-editions\/#breadcrumb","itemListElement":[{"@type":"ListItem","position":1,"name":"Accueil","item":"https:\/\/atelier-diospyros.fr\/"},{"@type":"ListItem","position":2,"name":"Boutique","item":"https:\/\/atelier-diospyros.fr\/index.php\/boutique\/"},{"@type":"ListItem","position":3,"name":"Jeu de cartes D\u00e9fis de voyage &#8211; Aventura \u00c9ditions"}]},{"@type":"WebSite","@id":"https:\/\/atelier-diospyros.fr\/#website","url":"https:\/\/atelier-diospyros.fr\/","name":"Atelier Diospyros &amp; Cl\u00e9mence Quitterel","description":"Objets en bois precieux et Cyanotypes : bijoux, d\u00e9coration d&#039;interieur, noeud papillon en bois, planches a decouper","potentialAction":[{"@type":"SearchAction","target":{"@type":"EntryPoint","urlTemplate":"https:\/\/atelier-diospyros.fr\/?s={search_term_string}"},"query-input":{"@type":"PropertyValueSpecification","valueRequired":true,"valueName":"search_term_string"}}],"inLanguage":"fr-FR"}]}},"jetpack_sharing_enabled":true,"_links":{"self":[{"href":"https:\/\/atelier-diospyros.fr\/index.php\/wp-json\/wp\/v2\/product\/10471"}],"collection":[{"href":"https:\/\/atelier-diospyros.fr\/index.php\/wp-json\/wp\/v2\/product"}],"about":[{"href":"https:\/\/atelier-diospyros.fr\/index.php\/wp-json\/wp\/v2\/types\/product"}],"wp:featuredmedia":[{"embeddable":true,"href":"https:\/\/atelier-diospyros.fr\/index.php\/wp-json\/wp\/v2\/media\/10472"}],"wp:attachment":[{"href":"https:\/\/atelier-diospyros.fr\/index.php\/wp-json\/wp\/v2\/media?parent=10471"}],"wp:term":[{"taxonomy":"product_cat","embeddable":true,"href":"https:\/\/atelier-diospyros.fr\/index.php\/wp-json\/wp\/v2\/product_cat?post=10471"},{"taxonomy":"product_tag","embeddable":true,"href":"https:\/\/atelier-diospyros.fr\/index.php\/wp-json\/wp\/v2\/product_tag?post=10471"}],"curies":[{"name":"wp","href":"https:\/\/api.w.org\/{rel}","templated":true}]}}